016.
72
Calculate the greatest common factor of 62 and 104.
2
Calculate the greatest common divisor of 26426 and 4526.
146
What is the greatest common divisor of 4968 and 261?
9
What is the greatest common divisor of 115863 and 66?
33
Calculate the greatest common factor of 35586 and 486.
54
What is the highest common factor of 588 and 152439?
147
Calculate the highest common factor of 855588 and 60.
12
Calculate the greatest common factor of 2164989 and 3.
3
What is the greatest common divisor of 588 and 53067?
147
What is the greatest common factor of 422 and 2862004?
422
Calculate the greatest common factor of 5954 and 8702.
458
Calculate the greatest common factor of 136 and 118184.
136
Calculate the greatest common divisor of 1455 and 4753.
97
What is the highest common factor of 1312 and 89760?
32
Calculate the highest common factor of 4247 and 124.
31
What is the greatest common divisor of 5907 and 1287?
33
Calculate the highest common divisor of 389449 and 1528.
191
Calculate the highest common divisor of 3997 and 1778.
7
What is the highest common factor of 1463696 and 3627?
403
Calculate the greatest common divisor of 63 and 710199.
63
What is the highest common factor of 5063 and 35524?
83
What is the greatest common divisor of 341 and 1054?
31
What is the greatest common factor of 23578 and 8?
2
What is the greatest common divisor of 173610 and 27?
27
Calculate the highest common divisor of 150291 and 9.
9
What is the highest common factor of 105 and 770343?
21
What is the greatest common factor of 457707 and 116?
29
What is the highest common factor of 61 and 15?
1
What is the highest common factor of 171456 and 18012?
228
Calculate the highest common factor of 24 and 59142.
6
What is the greatest common divisor of 168 and 92344?
56
Calculate the greatest common factor of 134180 and 160.
20
What is the highest common divisor of 364675 and 986?
29
Calculate the highest common divisor of 208 and 837720.
104
Calculate the greatest common factor of 667972 and 328.
164
Calculate the highest common factor of 4590 and 50660.
170
Calculate the highest common divisor of 103124 and 899.
29
Calculate the greatest common divisor of 91 and 265343.
13
Calculate the greatest common divisor of 2135 and 261751.
427
Calculate the highest common divisor of 280 and 73570.
70
Calculate the greatest common factor of 76365 and 6075.
45
What is the highest common divisor of 3116 and 1748?
76
Calculate the highest common divisor of 3773379 and 129.
129
What is the highest common factor of 15975 and 4275?
225
Calculate the highest common factor of 858 and 3949.
11
What is the highest common factor of 98579 and 26?
13
Calculate the highest common divisor of 292 and 898338.
146
What is the greatest common divisor of 17 and 41191?
17
Calculate the highest common divisor of 72 and 213912.
72
What is the greatest common factor of 3024 and 2408?
56
What is the highest common factor of 32 and 46772?
4
What is the highest common divisor of 391 and 848677?
23
Calculate the highest common divisor of 8487 and 205533.
369
Calculate the highest common divisor of 20501 and 494.
247
Calculate the highest common divisor of 106366 and 260.
26
Calculate the highest common factor of 110950 and 610.
10
What is the highest common factor of 11400 and 1675?
25
Calculate the highest common factor of 461825 and 28175.
1225
Calculate the greatest common factor of 775 and 143344.
31
What is the highest common divisor of 3300776 and 8?
8
Calculate the highest common factor of 2088 and 13688.
232
Calculate the highest common factor of 36 and 1016844.
12
What is the highest common factor of 35552 and 12000?
32
What is the highest common factor of 648179 and 1827?
203
What is the highest common divisor of 61 and 1327055?
61
Calculate the highest common factor of 3948 and 361336.
188
Calculate the greatest common divisor of 14375 and 27255.
115
What is the greatest common factor of 162 and 12177?
27
What is the highest common factor of 4048 and 10915432?
2024
Calculate the greatest common factor of 132 and 133188.
132
Calculate the highest common factor of 763 and 1126951.
763
Calculate the highest common factor of 2323 and 4141.
101
What is the greatest common divisor of 21854 and 4906?
446
Calculate the greatest common factor of 122 and 81374.
122
What is the greatest common factor of 1050 and 336?
42
What is the highest common divisor of 266 and 162754?
38
What is the greatest common factor of 39 and 1593267?
39
What is the highest common factor of 915515 and 48070?
2185
What is the greatest common factor of 514 and 657149?
257
Calculate the highest common factor of 154 and 6148989.
77
What is the highest common divisor of 1450 and 2575?
25
Calculate the highest common factor of 30447 and 1592.
199
Calculate the greatest common divisor of 113130 and 60.
30
What is the greatest common factor of 312 and 6924?
12
What is the greatest common divisor of 9 and 2322981?
9
What is the highest common factor of 14 and 99211?
7
Calculate the greatest common divisor of 1415 and 1028705.
1415
What is the highest common factor of 252994 and 238?
238
What is the highest common factor of 275 and 81895?
55
What is the greatest common divisor of 393 and 3477657?
393
What is the greatest common divisor of 1268345 and 285?
95
What is the highest common divisor of 707 and 26747?
7
Calculate the greatest common factor of 205634 and 286.
286
Calculate the greatest common factor of 42 and 2044.
14
Calculate the greatest common factor of 5510 and 1178.
38
Calculate the greatest common divisor of 21 and 12117.
21
Calculate the highest common divisor of 4206 and 258.
6
What is the greatest common factor of 40576 and 2853?
317
What is the greatest common divisor of 57401 and 44227?
941
Calculate the highest common factor of 142 and 12851.
71
What is the greatest common divisor of 6160 and 26510?
110
What is the highest common factor of 3324004 and 316?
316
Calculate the greatest common divisor of 84 and 132972.
84
What is the highest common factor of 45 and 1794465?
45
What is the greatest common factor of 6738 and 1842?
6
What is the highest common factor of 4841 and 6180?
103
What is the greatest common divisor of 91425 and 530?
265
What is the greatest common divisor of 4003777 and 457?
457
What is the highest common factor of 43904 and 12691?
343
Calculate the highest common factor of 73750 and 236.
118
What is the highest common divisor of 309 and 56341?
103
Calculate the highest common divisor of 88751 and 468.
13
Calculate the highest common factor of 5990 and 80.
10
What is the greatest common factor of 27584 and 1072?
16
What is the greatest common factor of 202894 and 2290?
458
Calculate the greatest common factor of 56 and 4018.
14
Calculate the greatest common factor of 942389 and 122.
61
Calculate the highest common factor of 920 and 257080.
40
What is the greatest common factor of 7 and 87773?
7
Calculate the highest common factor of 28231 and 3367.
259
Calculate the greatest common factor of 117 and 621.
9
Calculate the greatest common divisor of 8740 and 196236.
92
Calculate the greatest common factor of 1370 and 23570.
10
Calculate the greatest common divisor of 11896 and 1576.
8
Calculate the highest common divisor of 68 and 594388.
68
Calculate the highest common divisor of 256683 and 1785.
357
Calculate the greatest common factor of 946959 and 117.
39
Calculate the highest common divisor of 1247 and 99731.
29
Calculate the highest common divisor of 269999 and 249.
83
What is the greatest common divisor of 5665 and 1430?
55
Calculate the highest common factor of 6294 and 128.
2
What is the greatest common divisor of 7170 and 15?
15
Calculate the highest common divisor of 133728 and 224.
224
Calculate the greatest common factor of 1 and 10939.
1
What is the greatest common factor of 399 and 382375?
133
Calculate the highest common divisor of 576 and 13056.
192
Calculate the greatest common factor of 2315 and 455.
5
What is the greatest common divisor of 47892 and 28551?
921
Calculate the highest common divisor of 384 and 113376.
96
Calculate the greatest common divisor of 43240 and 3910.
230
Calculate the greatest common factor of 35947 and 103.
103
Calculate the greatest common factor of 